{"id":13,"date":"2022-04-12T12:24:19","date_gmt":"2022-04-12T10:24:19","guid":{"rendered":"https:\/\/claviculanoxshop.fr\/index.php\/produit\/hoodie-with-logo\/"},"modified":"2025-12-05T00:14:18","modified_gmt":"2025-12-04T23:14:18","slug":"marquise-blanche","status":"publish","type":"product","link":"https:\/\/claviculanoxshop.fr\/index.php\/produit\/marquise-blanche\/","title":{"rendered":"Marquise opale blanche"},"content":{"rendered":"<p>Marquise en Titane ATSM F-136 et opale synth\u00e9tique pour vissage interne. Ce bijou est accompagn\u00e9 d&#8217;une barre de type labret d&#8217;une largeur de 1,2mm et de 8mm de long.<\/p>\n<p>Ce bijou de piercing est garanti en titane de grade implantable, il n&#8217;y a aucun risque d&#8217;allergie.<\/p>\n","protected":false},"excerpt":{"rendered":"<p>Marquise compos\u00e9e de trois opales synth\u00e9tiques pour orner votre h\u00e9lix, conch ou encore votre tragus.<\/p>\n","protected":false},"featured_media":14,"comment_status":"open","ping_status":"closed","template":"","meta":{"spay_email":""},"product_cat":[20],"product_tag":[22,21,25,24,23],"class_list":["post-13","product","type-product","status-publish","has-post-thumbnail","hentry","product_cat-bijoux-en-titane","product_tag-conch","product_tag-helix","product_tag-labret","product_tag-titane","product_tag-tragus","entry"],"yoast_head":"<!-- This site is optimized with the Yoast SEO plugin v18.8 - https:\/\/yoast.com\/wordpress\/plugins\/seo\/ -->\n<title>Marquise opale blanche - Clavicula Nox<\/title>\n<meta name=\"robots\" content=\"index, follow, max-snippet:-1, max-image-preview:large, max-video-preview:-1\" \/>\n<link rel=\"canonical\" href=\"https:\/\/claviculanoxshop.fr\/index.php\/produit\/marquise-blanche\/\" \/>\n<meta property=\"og:locale\" content=\"fr_FR\" \/>\n<meta property=\"og:type\" content=\"article\" \/>\n<meta property=\"og:title\" content=\"Marquise opale blanche - Clavicula Nox\" \/>\n<meta property=\"og:description\" content=\"Marquise compos\u00e9e de trois opales synth\u00e9tiques pour orner votre h\u00e9lix, conch ou encore votre tragus.\" \/>\n<meta property=\"og:url\" content=\"https:\/\/claviculanoxshop.fr\/index.php\/produit\/marquise-blanche\/\" \/>\n<meta property=\"og:site_name\" content=\"Clavicula Nox\" \/>\n<meta property=\"article:modified_time\" content=\"2025-12-04T23:14:18+00:00\" \/>\n<meta property=\"og:image\" content=\"https:\/\/i0.wp.com\/claviculanoxshop.fr\/wp-content\/uploads\/2022\/04\/Marquises-Antikorp-1.jpg?fit=1500%2C1000&#038;ssl=1\" \/>\n\t<meta property=\"og:image:width\" content=\"1500\" \/>\n\t<meta property=\"og:image:height\" content=\"1000\" \/>\n\t<meta property=\"og:image:type\" content=\"image\/jpeg\" \/>\n<meta name=\"twitter:card\" content=\"summary_large_image\" \/>\n<script type=\"application\/ld+json\" class=\"yoast-schema-graph\">{\"@context\":\"https:\/\/schema.org\",\"@graph\":[{\"@type\":\"WebSite\",\"@id\":\"https:\/\/claviculanoxshop.fr\/#website\",\"url\":\"https:\/\/claviculanoxshop.fr\/\",\"name\":\"Clavicula Nox\",\"description\":\"Boutique de piercing\",\"potentialAction\":[{\"@type\":\"SearchAction\",\"target\":{\"@type\":\"EntryPoint\",\"urlTemplate\":\"https:\/\/claviculanoxshop.fr\/?s={search_term_string}\"},\"query-input\":\"required name=search_term_string\"}],\"inLanguage\":\"fr-FR\"},{\"@type\":\"ImageObject\",\"inLanguage\":\"fr-FR\",\"@id\":\"https:\/\/claviculanoxshop.fr\/index.php\/produit\/marquise-blanche\/#primaryimage\",\"url\":\"https:\/\/i0.wp.com\/claviculanoxshop.fr\/wp-content\/uploads\/2022\/04\/Marquises-Antikorp-1.jpg?fit=1500%2C1000&ssl=1\",\"contentUrl\":\"https:\/\/i0.wp.com\/claviculanoxshop.fr\/wp-content\/uploads\/2022\/04\/Marquises-Antikorp-1.jpg?fit=1500%2C1000&ssl=1\",\"width\":1500,\"height\":1000,\"caption\":\"piercing marquise\"},{\"@type\":\"WebPage\",\"@id\":\"https:\/\/claviculanoxshop.fr\/index.php\/produit\/marquise-blanche\/#webpage\",\"url\":\"https:\/\/claviculanoxshop.fr\/index.php\/produit\/marquise-blanche\/\",\"name\":\"Marquise opale blanche - Clavicula Nox\",\"isPartOf\":{\"@id\":\"https:\/\/claviculanoxshop.fr\/#website\"},\"primaryImageOfPage\":{\"@id\":\"https:\/\/claviculanoxshop.fr\/index.php\/produit\/marquise-blanche\/#primaryimage\"},\"datePublished\":\"2022-04-12T10:24:19+00:00\",\"dateModified\":\"2025-12-04T23:14:18+00:00\",\"breadcrumb\":{\"@id\":\"https:\/\/claviculanoxshop.fr\/index.php\/produit\/marquise-blanche\/#breadcrumb\"},\"inLanguage\":\"fr-FR\",\"potentialAction\":[{\"@type\":\"ReadAction\",\"target\":[\"https:\/\/claviculanoxshop.fr\/index.php\/produit\/marquise-blanche\/\"]}]},{\"@type\":\"BreadcrumbList\",\"@id\":\"https:\/\/claviculanoxshop.fr\/index.php\/produit\/marquise-blanche\/#breadcrumb\",\"itemListElement\":[{\"@type\":\"ListItem\",\"position\":1,\"name\":\"Accueil\",\"item\":\"https:\/\/claviculanoxshop.fr\/\"},{\"@type\":\"ListItem\",\"position\":2,\"name\":\"Boutique\",\"item\":\"https:\/\/claviculanoxshop.fr\/index.php\/boutique\/\"},{\"@type\":\"ListItem\",\"position\":3,\"name\":\"Marquise opale blanche\"}]}]}<\/script>\n<!-- \/ Yoast SEO plugin. -->","yoast_head_json":{"title":"Marquise opale blanche - Clavicula Nox","robots":{"index":"index","follow":"follow","max-snippet":"max-snippet:-1","max-image-preview":"max-image-preview:large","max-video-preview":"max-video-preview:-1"},"canonical":"https:\/\/claviculanoxshop.fr\/index.php\/produit\/marquise-blanche\/","og_locale":"fr_FR","og_type":"article","og_title":"Marquise opale blanche - Clavicula Nox","og_description":"Marquise compos\u00e9e de trois opales synth\u00e9tiques pour orner votre h\u00e9lix, conch ou encore votre tragus.","og_url":"https:\/\/claviculanoxshop.fr\/index.php\/produit\/marquise-blanche\/","og_site_name":"Clavicula Nox","article_modified_time":"2025-12-04T23:14:18+00:00","og_image":[{"width":1500,"height":1000,"url":"https:\/\/i0.wp.com\/claviculanoxshop.fr\/wp-content\/uploads\/2022\/04\/Marquises-Antikorp-1.jpg?fit=1500%2C1000&ssl=1","type":"image\/jpeg"}],"twitter_card":"summary_large_image","schema":{"@context":"https:\/\/schema.org","@graph":[{"@type":"WebSite","@id":"https:\/\/claviculanoxshop.fr\/#website","url":"https:\/\/claviculanoxshop.fr\/","name":"Clavicula Nox","description":"Boutique de piercing","potentialAction":[{"@type":"SearchAction","target":{"@type":"EntryPoint","urlTemplate":"https:\/\/claviculanoxshop.fr\/?s={search_term_string}"},"query-input":"required name=search_term_string"}],"inLanguage":"fr-FR"},{"@type":"ImageObject","inLanguage":"fr-FR","@id":"https:\/\/claviculanoxshop.fr\/index.php\/produit\/marquise-blanche\/#primaryimage","url":"https:\/\/i0.wp.com\/claviculanoxshop.fr\/wp-content\/uploads\/2022\/04\/Marquises-Antikorp-1.jpg?fit=1500%2C1000&ssl=1","contentUrl":"https:\/\/i0.wp.com\/claviculanoxshop.fr\/wp-content\/uploads\/2022\/04\/Marquises-Antikorp-1.jpg?fit=1500%2C1000&ssl=1","width":1500,"height":1000,"caption":"piercing marquise"},{"@type":"WebPage","@id":"https:\/\/claviculanoxshop.fr\/index.php\/produit\/marquise-blanche\/#webpage","url":"https:\/\/claviculanoxshop.fr\/index.php\/produit\/marquise-blanche\/","name":"Marquise opale blanche - Clavicula Nox","isPartOf":{"@id":"https:\/\/claviculanoxshop.fr\/#website"},"primaryImageOfPage":{"@id":"https:\/\/claviculanoxshop.fr\/index.php\/produit\/marquise-blanche\/#primaryimage"},"datePublished":"2022-04-12T10:24:19+00:00","dateModified":"2025-12-04T23:14:18+00:00","breadcrumb":{"@id":"https:\/\/claviculanoxshop.fr\/index.php\/produit\/marquise-blanche\/#breadcrumb"},"inLanguage":"fr-FR","potentialAction":[{"@type":"ReadAction","target":["https:\/\/claviculanoxshop.fr\/index.php\/produit\/marquise-blanche\/"]}]},{"@type":"BreadcrumbList","@id":"https:\/\/claviculanoxshop.fr\/index.php\/produit\/marquise-blanche\/#breadcrumb","itemListElement":[{"@type":"ListItem","position":1,"name":"Accueil","item":"https:\/\/claviculanoxshop.fr\/"},{"@type":"ListItem","position":2,"name":"Boutique","item":"https:\/\/claviculanoxshop.fr\/index.php\/boutique\/"},{"@type":"ListItem","position":3,"name":"Marquise opale blanche"}]}]}},"_links":{"self":[{"href":"https:\/\/claviculanoxshop.fr\/index.php\/wp-json\/wp\/v2\/product\/13","targetHints":{"allow":["GET"]}}],"collection":[{"href":"https:\/\/claviculanoxshop.fr\/index.php\/wp-json\/wp\/v2\/product"}],"about":[{"href":"https:\/\/claviculanoxshop.fr\/index.php\/wp-json\/wp\/v2\/types\/product"}],"replies":[{"embeddable":true,"href":"https:\/\/claviculanoxshop.fr\/index.php\/wp-json\/wp\/v2\/comments?post=13"}],"wp:featuredmedia":[{"embeddable":true,"href":"https:\/\/claviculanoxshop.fr\/index.php\/wp-json\/wp\/v2\/media\/14"}],"wp:attachment":[{"href":"https:\/\/claviculanoxshop.fr\/index.php\/wp-json\/wp\/v2\/media?parent=13"}],"wp:term":[{"taxonomy":"product_cat","embeddable":true,"href":"https:\/\/claviculanoxshop.fr\/index.php\/wp-json\/wp\/v2\/product_cat?post=13"},{"taxonomy":"product_tag","embeddable":true,"href":"https:\/\/claviculanoxshop.fr\/index.php\/wp-json\/wp\/v2\/product_tag?post=13"}],"curies":[{"name":"wp","href":"https:\/\/api.w.org\/{rel}","templated":true}]}}