{"id":65,"date":"2022-04-16T23:05:23","date_gmt":"2022-04-16T21:05:23","guid":{"rendered":"https:\/\/claviculanoxshop.fr\/?post_type=product&#038;p=65"},"modified":"2025-01-19T23:42:08","modified_gmt":"2025-01-19T22:42:08","slug":"barbell-titane-et-opale","status":"publish","type":"product","link":"https:\/\/claviculanoxshop.fr\/index.php\/produit\/barbell-titane-et-opale\/","title":{"rendered":"Barbell Titane et Opale"},"content":{"rendered":"<p>Barbell Titane F136 \u00e0 vissage interne orn\u00e9 d&#8217;Opales Griff\u00e9es.<\/p>\n<p>Taille 1,6x14mm. Id\u00e9al T\u00e9ton ou Langue.<\/p>\n","protected":false},"excerpt":{"rendered":"<p>Barbell Titane F136 \u00e0 vissage interne orn\u00e9 d&#8217;Opales Griff\u00e9es.<\/p>\n<p>Taille 1,6x14mm. Id\u00e9al T\u00e9ton ou Langue.<\/p>\n","protected":false},"featured_media":51,"comment_status":"open","ping_status":"closed","template":"","meta":{"spay_email":""},"product_cat":[35,20],"product_tag":[36,34,33],"class_list":["post-65","product","type-product","status-publish","has-post-thumbnail","hentry","product_cat-barbell","product_cat-bijoux-en-titane","product_tag-barbell","product_tag-langue","product_tag-teton","entry"],"yoast_head":"<!-- This site is optimized with the Yoast SEO plugin v18.8 - https:\/\/yoast.com\/wordpress\/plugins\/seo\/ -->\n<title>Barbell Titane et Opale - Clavicula Nox<\/title>\n<meta name=\"robots\" content=\"index, follow, max-snippet:-1, max-image-preview:large, max-video-preview:-1\" \/>\n<link rel=\"canonical\" href=\"https:\/\/claviculanoxshop.fr\/index.php\/produit\/barbell-titane-et-opale\/\" \/>\n<meta property=\"og:locale\" content=\"fr_FR\" \/>\n<meta property=\"og:type\" content=\"article\" \/>\n<meta property=\"og:title\" content=\"Barbell Titane et Opale - Clavicula Nox\" \/>\n<meta property=\"og:description\" content=\"Barbell Titane F136 \u00e0 vissage interne orn\u00e9 d&#039;Opales Griff\u00e9es.  Taille 1,6x14mm. Id\u00e9al T\u00e9ton ou Langue.\" \/>\n<meta property=\"og:url\" content=\"https:\/\/claviculanoxshop.fr\/index.php\/produit\/barbell-titane-et-opale\/\" \/>\n<meta property=\"og:site_name\" content=\"Clavicula Nox\" \/>\n<meta property=\"article:modified_time\" content=\"2025-01-19T22:42:08+00:00\" \/>\n<meta property=\"og:image\" content=\"https:\/\/i0.wp.com\/claviculanoxshop.fr\/wp-content\/uploads\/2022\/04\/Boutique-2-11.jpg?fit=1500%2C1000&#038;ssl=1\" \/>\n\t<meta property=\"og:image:width\" content=\"1500\" \/>\n\t<meta property=\"og:image:height\" content=\"1000\" \/>\n\t<meta property=\"og:image:type\" content=\"image\/jpeg\" \/>\n<meta name=\"twitter:card\" content=\"summary_large_image\" \/>\n<script type=\"application\/ld+json\" class=\"yoast-schema-graph\">{\"@context\":\"https:\/\/schema.org\",\"@graph\":[{\"@type\":\"WebSite\",\"@id\":\"https:\/\/claviculanoxshop.fr\/#website\",\"url\":\"https:\/\/claviculanoxshop.fr\/\",\"name\":\"Clavicula Nox\",\"description\":\"Boutique de piercing\",\"potentialAction\":[{\"@type\":\"SearchAction\",\"target\":{\"@type\":\"EntryPoint\",\"urlTemplate\":\"https:\/\/claviculanoxshop.fr\/?s={search_term_string}\"},\"query-input\":\"required name=search_term_string\"}],\"inLanguage\":\"fr-FR\"},{\"@type\":\"ImageObject\",\"inLanguage\":\"fr-FR\",\"@id\":\"https:\/\/claviculanoxshop.fr\/index.php\/produit\/barbell-titane-et-opale\/#primaryimage\",\"url\":\"https:\/\/i0.wp.com\/claviculanoxshop.fr\/wp-content\/uploads\/2022\/04\/Boutique-2-11.jpg?fit=1500%2C1000&ssl=1\",\"contentUrl\":\"https:\/\/i0.wp.com\/claviculanoxshop.fr\/wp-content\/uploads\/2022\/04\/Boutique-2-11.jpg?fit=1500%2C1000&ssl=1\",\"width\":1500,\"height\":1000},{\"@type\":\"WebPage\",\"@id\":\"https:\/\/claviculanoxshop.fr\/index.php\/produit\/barbell-titane-et-opale\/#webpage\",\"url\":\"https:\/\/claviculanoxshop.fr\/index.php\/produit\/barbell-titane-et-opale\/\",\"name\":\"Barbell Titane et Opale - Clavicula Nox\",\"isPartOf\":{\"@id\":\"https:\/\/claviculanoxshop.fr\/#website\"},\"primaryImageOfPage\":{\"@id\":\"https:\/\/claviculanoxshop.fr\/index.php\/produit\/barbell-titane-et-opale\/#primaryimage\"},\"datePublished\":\"2022-04-16T21:05:23+00:00\",\"dateModified\":\"2025-01-19T22:42:08+00:00\",\"breadcrumb\":{\"@id\":\"https:\/\/claviculanoxshop.fr\/index.php\/produit\/barbell-titane-et-opale\/#breadcrumb\"},\"inLanguage\":\"fr-FR\",\"potentialAction\":[{\"@type\":\"ReadAction\",\"target\":[\"https:\/\/claviculanoxshop.fr\/index.php\/produit\/barbell-titane-et-opale\/\"]}]},{\"@type\":\"BreadcrumbList\",\"@id\":\"https:\/\/claviculanoxshop.fr\/index.php\/produit\/barbell-titane-et-opale\/#breadcrumb\",\"itemListElement\":[{\"@type\":\"ListItem\",\"position\":1,\"name\":\"Accueil\",\"item\":\"https:\/\/claviculanoxshop.fr\/\"},{\"@type\":\"ListItem\",\"position\":2,\"name\":\"Boutique\",\"item\":\"https:\/\/claviculanoxshop.fr\/index.php\/boutique\/\"},{\"@type\":\"ListItem\",\"position\":3,\"name\":\"Barbell Titane et Opale\"}]}]}<\/script>\n<!-- \/ Yoast SEO plugin. -->","yoast_head_json":{"title":"Barbell Titane et Opale - Clavicula Nox","robots":{"index":"index","follow":"follow","max-snippet":"max-snippet:-1","max-image-preview":"max-image-preview:large","max-video-preview":"max-video-preview:-1"},"canonical":"https:\/\/claviculanoxshop.fr\/index.php\/produit\/barbell-titane-et-opale\/","og_locale":"fr_FR","og_type":"article","og_title":"Barbell Titane et Opale - Clavicula Nox","og_description":"Barbell Titane F136 \u00e0 vissage interne orn\u00e9 d'Opales Griff\u00e9es.  Taille 1,6x14mm. Id\u00e9al T\u00e9ton ou Langue.","og_url":"https:\/\/claviculanoxshop.fr\/index.php\/produit\/barbell-titane-et-opale\/","og_site_name":"Clavicula Nox","article_modified_time":"2025-01-19T22:42:08+00:00","og_image":[{"width":1500,"height":1000,"url":"https:\/\/i0.wp.com\/claviculanoxshop.fr\/wp-content\/uploads\/2022\/04\/Boutique-2-11.jpg?fit=1500%2C1000&ssl=1","type":"image\/jpeg"}],"twitter_card":"summary_large_image","schema":{"@context":"https:\/\/schema.org","@graph":[{"@type":"WebSite","@id":"https:\/\/claviculanoxshop.fr\/#website","url":"https:\/\/claviculanoxshop.fr\/","name":"Clavicula Nox","description":"Boutique de piercing","potentialAction":[{"@type":"SearchAction","target":{"@type":"EntryPoint","urlTemplate":"https:\/\/claviculanoxshop.fr\/?s={search_term_string}"},"query-input":"required name=search_term_string"}],"inLanguage":"fr-FR"},{"@type":"ImageObject","inLanguage":"fr-FR","@id":"https:\/\/claviculanoxshop.fr\/index.php\/produit\/barbell-titane-et-opale\/#primaryimage","url":"https:\/\/i0.wp.com\/claviculanoxshop.fr\/wp-content\/uploads\/2022\/04\/Boutique-2-11.jpg?fit=1500%2C1000&ssl=1","contentUrl":"https:\/\/i0.wp.com\/claviculanoxshop.fr\/wp-content\/uploads\/2022\/04\/Boutique-2-11.jpg?fit=1500%2C1000&ssl=1","width":1500,"height":1000},{"@type":"WebPage","@id":"https:\/\/claviculanoxshop.fr\/index.php\/produit\/barbell-titane-et-opale\/#webpage","url":"https:\/\/claviculanoxshop.fr\/index.php\/produit\/barbell-titane-et-opale\/","name":"Barbell Titane et Opale - Clavicula Nox","isPartOf":{"@id":"https:\/\/claviculanoxshop.fr\/#website"},"primaryImageOfPage":{"@id":"https:\/\/claviculanoxshop.fr\/index.php\/produit\/barbell-titane-et-opale\/#primaryimage"},"datePublished":"2022-04-16T21:05:23+00:00","dateModified":"2025-01-19T22:42:08+00:00","breadcrumb":{"@id":"https:\/\/claviculanoxshop.fr\/index.php\/produit\/barbell-titane-et-opale\/#breadcrumb"},"inLanguage":"fr-FR","potentialAction":[{"@type":"ReadAction","target":["https:\/\/claviculanoxshop.fr\/index.php\/produit\/barbell-titane-et-opale\/"]}]},{"@type":"BreadcrumbList","@id":"https:\/\/claviculanoxshop.fr\/index.php\/produit\/barbell-titane-et-opale\/#breadcrumb","itemListElement":[{"@type":"ListItem","position":1,"name":"Accueil","item":"https:\/\/claviculanoxshop.fr\/"},{"@type":"ListItem","position":2,"name":"Boutique","item":"https:\/\/claviculanoxshop.fr\/index.php\/boutique\/"},{"@type":"ListItem","position":3,"name":"Barbell Titane et Opale"}]}]}},"_links":{"self":[{"href":"https:\/\/claviculanoxshop.fr\/index.php\/wp-json\/wp\/v2\/product\/65","targetHints":{"allow":["GET"]}}],"collection":[{"href":"https:\/\/claviculanoxshop.fr\/index.php\/wp-json\/wp\/v2\/product"}],"about":[{"href":"https:\/\/claviculanoxshop.fr\/index.php\/wp-json\/wp\/v2\/types\/product"}],"replies":[{"embeddable":true,"href":"https:\/\/claviculanoxshop.fr\/index.php\/wp-json\/wp\/v2\/comments?post=65"}],"wp:featuredmedia":[{"embeddable":true,"href":"https:\/\/claviculanoxshop.fr\/index.php\/wp-json\/wp\/v2\/media\/51"}],"wp:attachment":[{"href":"https:\/\/claviculanoxshop.fr\/index.php\/wp-json\/wp\/v2\/media?parent=65"}],"wp:term":[{"taxonomy":"product_cat","embeddable":true,"href":"https:\/\/claviculanoxshop.fr\/index.php\/wp-json\/wp\/v2\/product_cat?post=65"},{"taxonomy":"product_tag","embeddable":true,"href":"https:\/\/claviculanoxshop.fr\/index.php\/wp-json\/wp\/v2\/product_tag?post=65"}],"curies":[{"name":"wp","href":"https:\/\/api.w.org\/{rel}","templated":true}]}}